ded by 21.
16
What is the remainder when 260032 is divided by 19?
17
Calculate the remainder when 26106 is divided by 5219.
11
What is the remainder when 6866 is divided by 460?
426
Calculate the remainder when 1206386 is divided by 117.
116
What is the remainder when 14715 is divided by 16?
11
What is the remainder when 3514 is divided by 327?
244
Calculate the remainder when 44871 is divided by 29.
8
Calculate the remainder when 20876 is divided by 110.
86
What is the remainder when 19338 is divided by 470?
68
Calculate the remainder when 2431 is divided by 423.
316
Calculate the remainder when 3567 is divided by 59.
27
Calculate the remainder when 1250 is divided by 169.
67
What is the remainder when 11789 is divided by 159?
23
What is the remainder when 197694 is divided by 557?
516
Calculate the remainder when 13601 is divided by 6780.
41
What is the remainder when 27645 is divided by 182?
163
What is the remainder when 157717 is divided by 78829?
59
Calculate the remainder when 1718076 is divided by 28.
24
Calculate the remainder when 48651 is divided by 15.
6
What is the remainder when 4551 is divided by 1239?
834
Calculate the remainder when 5186 is divided by 10.
6
Calculate the remainder when 61843 is divided by 1766.
33
Calculate the remainder when 16297 is divided by 4027.
189
Calculate the remainder when 8311 is divided by 207.
31
Calculate the remainder when 1870 is divided by 546.
232
Calculate the remainder when 94958 is divided by 688.
14
What is the remainder when 19394 is divided by 1746?
188
Calculate the remainder when 25673 is divided by 113.
22
What is the remainder when 29369 is divided by 144?
137
What is the remainder when 15980 is divided by 54?
50
Calculate the remainder when 1821 is divided by 92.
73
What is the remainder when 378000 is divided by 1680?
0
What is the remainder when 291162 is divided by 177?
174
Calculate the remainder when 26408 is divided by 352.
8
Calculate the remainder when 11777 is divided by 972.
113
Calculate the remainder when 171497 is divided by 849.
848
What is the remainder when 10958 is divided by 1564?
10
What is the remainder when 8207 is divided by 1348?
119
Calculate the remainder when 212870 is divided by 5.
0
What is the remainder when 29044 is divided by 50?
44
Calculate the remainder when 128580 is divided by 58.
52
What is the remainder when 25941 is divided by 510?
441
Calculate the remainder when 2494 is divided by 1467.
1027
What is the remainder when 2168 is divided by 1539?
629
What is the remainder when 28565 is divided by 127?
117
What is the remainder when 14415 is divided by 25?
15
Calculate the remainder when 27149 is divided by 194.
183
What is the remainder when 4858 is divided by 54?
52
Calculate the remainder when 48356 is divided by 141.
134
Calculate the remainder when 45843 is divided by 15278.
9
Calculate the remainder when 15750 is divided by 3937.
2
Calculate the remainder when 4761 is divided by 2001.
759
What is the remainder when 1543 is divided by 237?
121
What is the remainder when 15287 is divided by 52?
51
What is the remainder when 2841 is divided by 2198?
643
What is the remainder when 53883 is divided by 34?
27
What is the remainder when 22789 is divided by 148?
145
Calculate the remainder when 1420391 is divided by 8.
7
What is the remainder when 121298 is divided by 24243?
83
What is the remainder when 11228 is divided by 129?
5
Calculate the remainder when 466245 is divided by 17.
3
Calculate the remainder when 1913 is divided by 16.
9
Calculate the remainder when 1948 is divided by 62.
26
Calculate the remainder when 2784 is divided by 233.
221
Calculate the remainder when 38406 is divided by 362.
34
What is the remainder when 129858 is divided by 402?
12
What is the remainder when 397 is divided by 137?
123
Calculate the remainder when 223033 is divided by 272.
265
Calculate the remainder when 35107 is divided by 168.
163
Calculate the remainder when 3043 is divided by 43.
33
Calculate the remainder when 677 is divided by 86.
75
What is the remainder when 23963 is divided by 11977?
9
What is the remainder when 19235 is divided by 118?
1
What is the remainder when 52402 is divided by 235?
232
Calculate the remainder when 85753 is divided by 28584.
1
What is the remainder when 12066 is divided by 262?
14
What is the remainder when 5710 is divided by 109?
42
Calculate the remainder when 58337 is divided by 99.
26
Calculate the remainder when 1620 is divided by 526.
42
Calculate the remainder when 18264 is divided by 9.
3
Calculate the remainder when 17954 is divided by 285.
284
Calculate the remainder when 8901 is divided by 2220.
21
What is the remainder when 609593 is divided by 14514?
5
Calculate the remainder when 273 is divided by 12.
9
What is the remainder when 19422 is divided by 3236?
6
What is the remainder when 14096 is divided by 20?
16
What is the remainder when 5678 is divided by 1830?
188
What is the remainder when 14139 is divided by 3534?
3
What is the remainder when 19731 is divided by 1096?
3
Calculate the remainder when 648 is divided by 176.
120
What is the remainder when 8255 is divided by 156?
143
Calculate the remainder when 22539 is divided by 347.
331
What is the remainder when 548 is divided by 62?
52
Calculate the remainder when 3500 is divided by 176.
156
Calculate the remainder when 2723 is divided by 915.
893
What is the remainder when 119235 is divided by 648?
3
What is the remainder when 5813 is divided by 361?
37
What is the remainder when 16563 is divided by 89?
9
What is the remainder when 15607 is divided by 7801?
5
Calculate the remainder when 9433 is divided by 9422.
11
What is the remainder when 4349 is divided by 14?
9
What is the remainder when 15997 is divided by 5239?
280
What is the remainder when 122088 is divided by 76?
32
Calculate the remainder when 25623 is divided by 3649.
80
Calculate the remainder when 1074 is divided by 84.
66
What is the remainder when 3992 is divided by 792?
32
Calculate the remainder when 7881 is divided by 140.
41
Calculate the remainder when 29666 is divided by 1645.
56
Calculate the remainder when 3274 is divided by 359.
43
Calculate the remainder when 36816 is divided by 9195.
36
What is the remainder when 652720 is divided by 69?
49
Calculate the remainder when 965 is divided by 844.
121
What is the remainder when 7356 is divided by 72?
12
Calculate the remainder when 3870 is divided by 346.
64
Calculate the remainder when 6659 is divided by 1917.
908
Calculate the remainder when 145068 is divided by 1170.
1158
Calculate the remainder when 2339 is divided by 298.
253
Calculate the remainder when 28776 is divided by 13.
7
Calculate the remainder when 319409 is divided by 992.
977
What is the remainder when 721 is divided by 89?
9
Calculate the remainder when 7893 is divided by 282.
279
What is the remainder when 817 is divided by 695?
122
Calculate the remainder when 4503513 is divided by 159.
156
What is the remainder when 1031 is divided by 1027?
4
What is the remainder when 29589 is divided by 10?
9
What is the remainder when 3120934 is divided by 443?
442
What is the remainder when 4066317 is divided by 73?
71
Calculate the remainder when 9473 is divided by 1352.
9
Calculate the remainder when 3690891 is divided by 617.
614
Calculate the remainder when 15539 is divided by 3878.
27
Calculate the remainder when 53295 is divided by 17699.
198
What is the remainder when 1392 is divided by 188?
76
Calculate the remainder when 148412 is divided by 765.
2
What is the remainder when 100461 is divided by 14?
11
What is the remainder when 2171 is divided by 35?
1
Calculate the remainder when 2484 is divided by 630.
594
Calculate the remainder when 25464 is divided by 95.
4
What is the remainder when 51381 is divided by 84?
57
Calculate the remainder when 200994 is divided by 1489.
1468
What is the remainder when 2532597 is divided by 1080?
1077
Calculate the remainder when 5237 is divided by 250.
237
What is the remainder when 1039 is divided by 256?
15
Calculate the remainder when 923549 is divided by 786.
785
Calculate the remainder when 92549 is divided by 791.
2
What is the remainder when 117581 is divided by 37?
32
Calculate the remainder when 43190 is divided by 1